 List the prime factors of a.
7
Suppose 0 = -2*l - 5*t - 2, -3 = -4*l - 2*t + 9. Suppose -l*h + 105 = w + 30, 3*w + 95 = 4*h. Suppose 2*m + 3*m = h. What are the prime factors of m?
2
Let x = 30 - 0. Let s = 17 + x. What are the prime factors of s?
47
Suppose 3*t - 2*c - 726 = 0, -1205 = 2*t - 7*t + 5*c. What are the prime factors of t?
2, 61
Let u be 1/(((-1)/4)/(7/(-14))). What are the prime factors of 131 + (4 - u) + -1?
2, 3, 11
Let x(l) = -232*l - 3. List the prime factors of x(-2).
461
Let x = -39 + 50. Suppose 0 = x*o - 772 + 2. List the prime factors of o.
2, 5, 7
Let x(q) = -21*q - 12. List the prime factors of x(-3).
3, 17
Suppose 0*h = -2*h + 5*a - 7, -a = 3*h - 15. Let t = h + 15. What are the prime factors of t?
19
Let r(t) = 8*t + 210. List the prime factors of r(-24).
2, 3
Suppose 6524 = 3*a + 6*n - 8*n, 3*a = -2*n + 6508. What are the prime factors of a?
2, 3, 181
Let d(p) = -24 + 2*p + 12*p - 26*p. What are the prime factors of d(-8)?
2, 3
Suppose -2*d + 5*d - 207 = 0. Suppose -4*p + p + d = 0. List the prime factors of p.
23
Let x(i) = -i**3 - 16*i**2 + 19*i + 38. Let u be x(-17). Suppose -5*g + 6*p = 2*p - 170, g - u*p - 34 = 0. What are the prime factors of g?
2, 17
Let i(x) = 3 + 8 - 4 - 16*x. List the prime factors of i(-8).
3, 5
Let p(g) = -g**2 + 11*g + 46. Let r be p(14). Let z(q) = 9*q - 5 + 2*q - 3*q. List the prime factors of z(r).
3
Suppose 4*o = 55 - 415. What are the prime factors of 60*(4 - o/(-25))?
2, 3
Let s = 11 + 0. Suppose -4*c = c + 15. What are the prime factors of (s + c)/2 - 2?
2
Suppose -v - 29 = -2*n, 2*n = -0*n - 5*v + 35. Let d = -13 - n. What are the prime factors of (-2*2)/(4/d)?
2, 7
Let m be 0 + 5/((-5)/(-2)). Suppose -2*p - x + m*x + 36 = 0, -3*x - 23 = -p. Let j = -8 + p. List the prime factors of j.
3
Let k = -1412 - -2024. Suppose 4*j + 3*o - k = 0, 0 = 2*j - 4*o - 204 - 80. Suppose -3*d + 10 = 1, 4*d + j = 3*g. What are the prime factors of g?
2, 3
Let o(y) = -y**3 - 5*y - 5. Let m be o(-5). Let b = m + 115. What are the prime factors of b?
2, 5, 13
Let s(c) = c + 49. List the prime factors of s(13).
2, 31
Let t(h) = -5*h - 8. Let a(d) = -14*d - 24. Let z(r) = -4*a(r) + 11*t(r). List the prime factors of z(19).
3
Let j(v) be the first derivative of -v**3/3 + 4*v**2 - 4*v - 5. Suppose 5*u - 2*c = 17, -2*u + 0*c - 3*c = -3. What are the prime factors of j(u)?
11
Let f = 95 + -93. Suppose -f*o + 23 = 3. What are the prime factors of o?
2, 5
Let o(v) = -4*v**3 - 30*v**2 - 7*v - 6. List the prime factors of o(-11).
5, 353
Suppose 65664 = 26*c - 8*c. List the prime factors of c.
2, 3, 19
Let r(l) = -2*l + 9. Let a be r(3). Suppose -4*p + 9*p - 365 = 5*n, -a*p = -5*n - 227. What are the prime factors of p?
3, 23
Let f = -709 - -1144. What are the prime factors of f?
3, 5, 29
Let s be (144/(-15) + 2)*-5. Let x = -1 + s. What are the prime factors of x?
37
Suppose 4*p + 2*n + 18 = 0, -3*p + 1 = -p - n. What are the prime factors of 20/((-4 - p)*(-2)/4)?
2, 5
Let l(m) = -m + 7. Let o be l(5). Let v = o - 12. What are the prime factors of ((-4)/v)/((-4)/(-120))?
2, 3
Suppose -10111 - 9393 = -23*w. What are the prime factors of w?
2, 53
Let s(m) = 5*m**2 - 21*m - 103. What are the prime factors of s(-6)?
7, 29
Let a = 242 - -491. List the prime factors of a.
733
Suppose -15 = -4*k - k. Suppose k*y - 16 = -y. Suppose l = -y*l + 45. What are the prime factors of l?
3
Let u(w) be the first derivative of 1/4*w**4 + 4 - w**2 - 7*w - 5/3*w**3. What are the prime factors of u(6)?
17
Let d = 17 - 15. Suppose -z + 130 = -4*b, d*z + 4*b = b + 315. Suppose -5*s = -z + 35. List the prime factors of s.
23
Suppose 221*h = 203*h + 12132. What are the prime factors of h?
2, 337
Let i = -724 - -1222. Let z = -264 + i. What are the prime factors of z?
2, 3, 13
Let o(d) = 35*d**2 + 9*d + 1. Let t be o(4). Let s be t/6 + 6/12. Suppose 9*u - s = 7*u. What are the prime factors of u?
2, 5
Let u(h) = -23*h - 73. What are the prime factors of u(-5)?
2, 3, 7
Suppose -4*v + 2*x = 320, -v - 385 = 4*v + 5*x. Let m = 176 + v. What are the prime factors of m?
97
Let o = -12 + 12. Let b(y) = -y**2 + 7*y + 2. Let a be b(7). Suppose -i + 22 - a = o. List the prime factors of i.
2, 5
Let l(c) = -106*c - 328. List the prime factors of l(-22).
2, 3, 167
Let n be -4 - (3/(-1) - 3). Suppose -3*i + i = n. What are the prime factors of (2 + i)/((-10)/(-410))?
41
Suppose g + x + 8 = 0, 0*x - 2*x = -3*g + 1. List the prime factors of 539/4 - g/(-4).
2, 67
Let o = 1886 - 951. What are the prime factors of o?
5, 11, 17
Let c be 0*4/24 + 50. Suppose -3*f + f = -3*m + c, 4*f - 8 = 0. List the prime factors of m.
2, 3
Suppose 137*l + 9014 = 139*l. List the prime factors of l.
4507
Suppose -4*s - 206 = 158. Let n = -37 + -3. What are the prime factors of (-32)/n + s/(-5)?
19
Let y = -497 - -866. Let k = y - 210. What are the prime factors of k?
3, 53
Let o(t) = t**2 + 3*t - 3. Let r be o(-6). Let s = r - 2. Let w = 21 - s. List the prime factors of w.
2
Suppose -s + j = -5*s + 225, 4*s = 5*j + 195. Suppose -s - 210 = 5*l. Let w = -28 - l. List the prime factors of w.
5
Let l(t) = -t**2 + 12*t + 4. Let b be l(13). Let q be b/(-3)*(-42)/(-9). Let w = q + 14. List the prime factors of w.
2, 7
Suppose -5*o = -0*o, -4*o - 3 = h. Let a be h/2 - (-90)/20. List the prime factors of (a + (-40)/12)*-69.
23
Suppose 3*p = -5*z - 20, 2*p - p - 3*z = -16. List the prime factors of (136/16)/((-1)/p) - -4.
89
Let i(a) = -17*a - 15. Suppose 5*h - t + 39 = -8, 5*h + 62 = -4*t. List the prime factors of i(h).
5, 31
Let t(l) = 48*l**2 + 39*l + 108. List the prime factors of t(-3).
3, 47
Suppose o = 2*p + 4 - 3, -5*p = o - 1. Suppose -2*a + h = -h - 62, p = -2*a - 2*h + 42. List the prime factors of a.
2, 13
Suppose 2*f - 2 = 2*a - 0*f, 15 = a + 3*f. Suppose -2*b = a*b. Suppose -4*q + b*q = -3*v - 76, -q + 2*v = -24. List the prime factors of q.
2
Let q(m) be the first derivative of -m**4/4 + 8*m**3/3 - 3*m**2/2 + 8*m - 5. Suppose -3*w + 20 = -l, -25 = -3*w - l - 3*l. What are the prime factors of q(w)?
2, 3
Let w = -41 - -96. Suppose -r + w = -5. List the prime factors of r.
2, 3, 5
Let d(p) = -159*p**3 - 2*p**2 - 6*p + 6. What are the prime factors of d(-2)?
2, 641
Suppose 3*b - 1314 = 5*f, -5*b + f = -566 - 1602. Suppose -5*t - i - b = -1571, 3*t + 3*i = 690. List the prime factors of t.
227
Let z(x) = 3*x**2 + x + 6. Let l(u) = u**3 + u**2 - 4. Let w be l(0). What are the prime factors of z(w)?
2, 5
Let p(k) = k**3 + 5 + 46*k**2 + 0 + k - 36*k**2. What are the prime factors of p(-9)?
7, 11
Let x(i) = 4*i**3 + i - 12*i**3 + 0*i + 7*i**3 - 6 - 5*i**2. Let d be x(-6). Suppose 2*w - d = 56. List the prime factors of w.
2, 5
Suppose -485 = -0*m - 5*m. Suppose -6 = -4*g + 86. Suppose -5*h = -m - g. List the prime factors of h.
2, 3
Suppose -5*u = -c + 2605, 45*c - 2*u = 47*c - 5162. What are the prime factors of c?
5, 11, 47
Let p = -108 - -217. Let q = p - 86. What are the prime factors of q?
23
Let l(g) = g**2 + 12*g - 1. Let c be l(-11). What are the prime factors of (-64)/(-3) + (-8)/c?
2, 11
Suppose 4*c + 15 = -61. Let f = -19 - c. Suppose -2*u + 4*t + 96 = f, 2*u - 3*t = 4*u - 82. What are the prime factors of u?
2, 11
Suppose 0 = -8*n + 1512 + 400. List the prime factors of n.
239
Let a(t) = 23*t**2 - 9 + 3 - 5*t + 11. List the prime factors of a(2).
3, 29
Let d be 18/(-4)*14/(-21). Suppose -d*n + 7*n + 3*c + 14 = 0, -3*c = -n - 11. What are the prime factors of (-8)/(-10) - 181/n?
37
Suppose -j - 4 = -5*j. Suppose j = -2*r + 101. Let f = 70 - r. List the prime factors of f.
2, 5
List the prime factors of (-1 + 4541)*(38/(-8))/(-19).
5, 227
Suppose 3*q - 107 = -5*d + 264, -4*q + 502 = 3*d. Suppose -q + 7 = -3*g. List the prime factors of g.
2, 5
Suppose -121 = 3*p - 5*h, -2*h + 78 = -4*p - 88. Let y = 18 + p. Let w = -11 - y. What are the prime factors of w?
13
Suppose 2*x = -4*o + 20, -2*x - o = 3*x - 59. What are the prime factors of (-89 + 1)*(-9)/x?
2, 3, 11
Suppose 3*k = -6, -2*a = k + 9 + 5. Let w(c) = -c**3 - 5*c**2 + 5*c - 1. Let z be w(a). What are the prime factors of -3 - (-1 - 3)*z?
17
Let m = 573 - -359. What are the prime factors of m?
2, 233
Suppose 918 = -9*u - 0*u. Let d = u - -111. What are the prime factors of d?
3
Let q(h) = -30*h**3 + 2*h